) = x*g**2 - 68 + g + 66 + 3*g - g. Determine s(-3).
7
Let w(v) be the third derivative of -v**8/10080 + v**7/840 + 13*v**6/720 - v**5 - v**3/6 + 15*v**2 + 2. Let a(j) be the third derivative of w(j). Give a(5).
-7
Let a(m) = -m**3 + 10*m**2 + 10*m + 6. Suppose 0 = 4*o - 428 + 560. Let y be -4*o/24*2. What is a(y)?
-5
Suppose 2*v + y = 9, -2*v - 140*y - 5 = -141*y. Let g(d) = -49*d**3. Give g(v).
-49
Let t(p) = 9 - 34*p + 102*p - 32*p - 38*p. Let o(n) = -n + 5. Let r(v) = 7*o(v) - 4*t(v). Suppose -3*m - 9 = -0*m, 2*m = 4*i - 30. Give r(i).
5
Let l(h) = -2*h**2 - 12*h - 4. Let v(o) = o**2 + 7*o + 2. Suppose 18*i = 13*i + 2*q - 23, 4*i + 28 = 4*q. Let m(a) = i*l(a) - 5*v(a). Give m(2).
8
Let c be 7*(51/(-204))/((-1)/4). Let o(m) = 5*m**2 + m + 1. Let f(u) = 14*u**2 + 4*u + 3. Let p(k) = 6*f(k) - 17*o(k). Calculate p(c).
1
Let s be (-160)/(-96)*(-11)/(220/(-72)). Let x(t) = 2*t**2 - t**2 - 2 + 0 - 6*t - 4*t. Calculate x(s).
-26
Let w(r) = r**2 - 17*r - 13. Let z = -4574 + 4590. Calculate w(z).
-29
Let u(d) be the second derivative of 48*d + 1/20*d**5 + 0 + d**4 + 5/3*d**3 + 1/2*d**2. Give u(-11).
12
Suppose 724*n = 703*n + 63. Let f(q) = -q**2 - 3*q + 4. Calculate f(n).
-14
Let i(m) = 6*m - 5. Let z(o) = o - 1. Let u(w) = -i(w) + 5*z(w). Let n(r) = 0 + 9*r + 3*r - 1 - 11*r. Let k(v) = -5*n(v) - 4*u(v). What is k(4)?
1
Suppose -4*m - 20 = -0. Let z(b) = 7*b**2 + b - 8. Let h(r) = 4*r**2 - 4. Let t(g) = m*h(g) + 3*z(g). Let j = -43453 - -43450. Determine t(j).
-4
Let q = 8130 + -8123. Let k(t) be the first derivative of 1/3*t**3 + q*t - 4*t**2 - 2. Give k(7).
0
Let s(a) be the second derivative of a**3 - 30*a**2 + 4336*a. Calculate s(11).
6
Let m(z) = 15*z + 312. Let y be m(-20). Let w(f) = -f**3 + 11*f**2 + 12*f - 12. Determine w(y).
-12
Let b be 2*(4 - 1) + -5. Let u(s) = -27*s - 1. Let t(r) = -3*r. Let o(i) = -2*t(i) - u(i). What is o(b)?
34
Let t(h) = h + 1. Suppose -i - 22 = -3*v + 7*v, 0 = -v + 5*i + 26. Let q be (4/(-10))/((-1)/65). Let m be (6/(-9))/(v + q/6). What is t(m)?
-1
Let a = -42 - -15. Let b be (-3)/12*-2 - a/2. Suppose -16*t + 10 = -b*t. Let g(v) = v**2 - 6*v + 2. What is g(t)?
-3
Let j(p) = -p**3 - 12*p**2 + 4*p + 21. Let t = 8785 + -8797. What is j(t)?
-27
Suppose m + 11 = 5*s, 5*m = -4*s - 0*m + 3. Let p(j) = j**3 + j**2 - 448866657 - 2*j**2 + 448866657. What is p(s)?
4
Let d(g) = 0*g + 10*g + g**3 - 3 + 12*g**2 + 7*g - 18*g. Determine d(-12).
9
Let m(x) = -3*x**2 - 12*x + 11. Let w(b) = 4*b**2 + 13*b - 12. Let u(c) = 6*m(c) + 5*w(c). Suppose 20*a - 131 = 69. Let d be ((-6)/a)/((-45)/300). Give u(d).
10
Let k(y) = 11*y + 1. Let r be k(1). Suppose 2*z - 6*z = r. Let d = z + 11. Let o(f) = -f**3 + 8*f**2 + f - 8. Determine o(d).
0
Let y = -20 - -3. Let z(w) = w**2 + 14*w + 29. Let m be z(-13). Let g = y + m. Let c(i) = -10*i**3 - 2*i**2 + 1. Determine c(g).
9
Let p(a) = -45 - 393*a**2 + 60*a**2 + a**3 + 291*a**2 + 42*a. Give p(41).
-4
Let j(v) = -v**3 + 14*v**2 + 4*v - 39. Let t be j(14). Let q(b) = 3*b + t*b**2 + 19*b**2 - 3 - 38*b**2 + 8*b. Determine q(6).
-9
Let j(u) = -37 + 2*u**3 - 7*u**2 + 30 + 6*u + 16 - 45 - 7. Calculate j(4).
-3
Let j(d) be the second derivative of -d**8/6720 + d**7/840 + d**6/240 - d**5/30 + d**4/2 + 5*d**3/6 + 53*d. Let c(z) be the third derivative of j(z). Give c(4).
-8
Let g(h) be the second derivative of h**4/12 - h**3/3 - 3*h**2/2 + 3*h - 19. Suppose 2*i = -2*v, 0*v + 4*v = 4*i - 32. Let b = i - 1. What is g(b)?
0
Let n(t) be the first derivative of -t**5/60 - t**4/4 + 2*t**3/3 + 121*t**2/2 - 6. Let z(s) be the second derivative of n(s). What is z(-6)?
4
Let k(x) = -6*x - 1. Let s be ((-30)/(-4))/((330/8)/33). Determine k(s).
-37
Let y = -28552 + 28562. Let b(m) = -4*m + 48. Determine b(y).
8
Let r(g) = 8*g + 5*g**2 - g**3 + 6 - 6*g + 0*g. Let y = 80 - 59. Let z = y + -15. Give r(z).
-18
Let z be (-792)/(-108) - (7 - 0) - (-57)/(-9). Let h(t) = -t**3 - 8*t**2 - 10*t. Give h(z).
-12
Let t(o) = 356*o + 350*o - 25 + 343*o - 1050*o. Calculate t(-28).
3
Let l(a) = 2*a**2 + 6*a + 5. Suppose -58*m + 12 = -62*m. Let c be l(m). Let i(p) = -c - 23*p + 4 + 20*p. Calculate i(1).
-4
Let q(i) be the third derivative of i**4/2 - 42*i**3 - 28*i**2 + 9. What is q(21)?
0
Suppose -22 = -3*p + 2. Let h(o) = -2*o + p + 16 - 35. Give h(-8).
5
Let h(a) = 5 + 0*a - 4 + a - a**2. Suppose -5*q + 21 = 21. Suppose 0 = -6*b - q*b - 12. Give h(b).
-5
Let l be -39 - -1*(2 - 3). Let s = l - -46. Let x(u) = -s + 9 + 4*u + 6*u**2 - u**2 - u**3. Calculate x(6).
-9
Let r(t) = 1109*t + 18 + 1114*t + 1115*t - 3337*t. Determine r(-16).
2
Let n(p) = -17*p + 13. Let q be n(-2). Let t(s) = 1 - 7*s - 8 + 46*s**2 - q*s**2. Let k = 17 + -22. Give t(k).
3
Suppose -728 = -7*t - 84*t. Let g(s) = -s**3 + 5*s**2 + 10*s + 2. Calculate g(t).
-110
Suppose 156 = 23*x - 49*x. Let f(g) = 5*g - 13. Let y(u) = 14*u - 38. Let h(i) = x*y(i) + 17*f(i). Calculate h(0).
7
Suppose 0 = -45*s + 54*s + 72. Let o(y) = -8*y**2 + 2*y + 18. Let n(c) = -7*c**2 + c + 17. Let f(k) = 7*n(k) - 6*o(k). Calculate f(s).
-13
Let o(l) = l**3 + 5*l**2 + l + 7. Suppose 3*b = -2*g + 63, -2*b = 7*g - 4*g - 92. Let r be 1/(54/g - 2). Give o(r).
2
Let z(g) be the third derivative of g**6/360 + 9*g**5/40 + 23*g**4/6 - 101*g**2. Let q(u) be the second derivative of z(u). Calculate q(-11).
5
Suppose -32*t - 2238 = -2334. Let m(y) = 12*y + 1. What is m(t)?
37
Let x(u) = -u**3 - 16*u**2 - 24*u - 30. Let t(k) = -k**3 - 15*k**2 - 23*k - 27. Let l(g) = 7*t(g) - 6*x(g). What is l(-7)?
12
Suppose -5*v + 2*o = -v - 4, 0 = 2*o - 8. Let f(r) = -r**v + 2 - r - 2*r + 0*r - 4*r - 8*r**2. Let c = 17 - 24. Give f(c).
2
Let x(g) = 119*g - 237. Let z be x(2). Let w(y) = -9*y + 12. What is w(z)?
3
Let q(l) = 1009*l - 1007. Let o be q(1). Let h(a) be the first derivative of -5/2*a**o + 28 - a + 2/3*a**3. Determine h(4).
11
Let h(l) = -l**3 - 16*l**2 - 27*l + 15. Let j be 96/80 + (-304)/20. Give h(j).
1
Let s be 3 + 1 - (0 + -302)/2. Let p(k) = -s*k**2 + 309*k**2 + 6 - 158*k**2 + 13*k - k**3 - 8*k + 9*k. Calculate p(-6).
-6
Let y(d) = -d**3 + 10*d**2 - 12*d - 31. Let z be y(8). Let j(h) = -8*h**3 + h**2 + h - 1. What is j(z)?
-7
Let g(n) be the third derivative of 1/120*n**5 - 13/6*n**3 - 19/24*n**4 + 0*n + 0 - n**2. Let i(p) be the first derivative of g(p). Give i(8).
-11
Let a(z) = -z**3 + 13*z**2 + 48*z. Let w be a(16). Let r(i) be the second derivative of i + w + 1/6*i**3 - 9/2*i**2. Give r(0).
-9
Let v(t) = 2*t**2 - 2*t + 1. Let y(o) = -11*o**2 - 10*o - 41. Let u(d) = -5*v(d) - y(d). What is u(-18)?
0
Let f(l) be the second derivative of -3*l**5/10 - l**4/6 - l**3/6 + 23*l. Let r be f(-1). Let s(c) = -4*c + c**2 + 4 + 4*c + 2 - 5*c. Give s(r).
6
Let q(f) = 4*f**2 - f - 3. Let v be q(2). Suppose -4*o = -5*o + v. Let d(c) be the first derivative of c**2/2 - 11*c - 107. Determine d(o).
0
Suppose 13*v + 59 + 1 = -122. Let t(w) = w**3 + 15*w**2 + 11*w - 28. What is t(v)?
14
Suppose -8*r - j = -6*r + 2, 0 = -r + 3*j - 1. Let b(a) be the first derivative of -a**4/4 + a**2/2 - 84. Calculate b(r).
0
Let y(a) = -5*a**3 + 6*a**2 + 21*a - 5. Let b be y(3). Let u(z) = z**2 + 23*z - 1. Determine u(b).
-1
Let h(k) = -2*k + 9. Let j = -1225 + 1236. Calculate h(j).
-13
Let w(v) = -v**3 - 1. Let t be w(1). Let q be t*(0 - 4) - 4. Let k(y) = -2*y - 3*y**3 - 1 - 1 + 4*y**3 - 1 - 3*y**2. Determine k(q).
5
Suppose 3*s + 27 = -3. Let z(u) be the second derivative of 1/20*u**5 - 3/2*u**3 + 3/4*u**4 - 3/2*u**2 + 0 - 36*u. Calculate z(s).
-13
Let k(y) = 8*y**2 + 31*y + 2. Let j(t) = 13*t**2 + 57*t + 3. Let l(o) = 3*j(o) - 5*k(o). Determine l(7).
62
Let r(l) = 584*l**2 - 593*l**2 - 2*l**3 - 6 + 7*l**3 - 9*l - 6*l**3. Let q = 9 + -17. Give r(q).
2
Let w(t) be the third derivative of t**6/120 - t**5/12 + t**4/6 - 2*t**2. Let a = -626 + 415. Let i = a + 215. What is w(i)?
0
Let y be ((-40)/(-45)*-3)/((-4)/18). Let m(c) = -8*c + 7*c - c - y. Determine m(-11).
10
Let k be (9 - 4 - (4 - 37)) + -4. Suppose -152 = 31*x + k. Let d(b) = -1. Let v(t) = t**2 + 5*t + 8. Let r(h) = -3*d(h) - v(h). What is r(x)?
-11
Let z(v) be the first derivative of -v**2/2 + 10*v + 21. Let j be ((-54)/24)/(5/(-20)). Calculate z(j).
1
Let k(c) = -62*c**3 + c**2 + 6*c - 3. Let h be k(2). Let a = 492 + h. Let m(r) be the first derivative of r**3/3 - 4*r